.
136
Let w(f) = f**3 - f**2 + 64*f - 62. Calculate w(1).
2
Let h(a) = a**3 + 74*a**2 + 85*a + 693. Calculate h(-73).
-183
Let z(d) = 57*d + 114. Determine z(-3).
-57
Let g(o) = -7*o**2 - 200*o + 77. Determine g(-29).
-10
Let x(l) = l**2 - 25*l + 55. What is x(25)?
55
Let f(d) = -2*d - 172. Determine f(18).
-208
Let d(m) = 671*m - 18785. Determine d(28).
3
Let q(n) = -6*n**2 + 12*n - 25. What is q(2)?
-25
Let l(h) = h**3 - h**2 + 5*h - 19. Give l(0).
-19
Let p(t) = t**2 + 73*t + 1096. Calculate p(-25).
-104
Let y(k) = -8*k**2 + 64*k + 129. Determine y(-2).
-31
Let i(w) = -2*w**2 + 46*w - 236. Give i(9).
16
Let a(z) = -46*z**2 - 336*z - 10. Calculate a(-7).
88
Let t(q) = -2*q**3 - 99*q**2 - 50*q - 1. Give t(-49).
48
Let t(c) = -113*c + 588. Determine t(7).
-203
Let b(i) = i**3 + 10*i**2 + 40*i + 101. What is b(-7)?
-32
Let p(j) = 165*j - 714. Give p(4).
-54
Let a(v) = -v**3 - 81*v**2 + 277*v + 2108. Calculate a(-84).
8
Let s(k) = -40*k - 49. Give s(-2).
31
Let r(m) = -m**2 + 6*m + 17. Calculate r(-4).
-23
Let z(d) = 3*d**3 + d**2 - 4*d - 3. Calculate z(-3).
-63
Let y(q) = -q**3 - 32*q**2 + 2882*q + 143. Determine y(-72).
-1
Let r(b) = 18*b + 140. Give r(5).
230
Let l(u) = 840*u - 141959. What is l(169)?
1
Let g(s) = -s**2 + 152*s - 1693. Determine g(140).
-13
Let i(f) = -f**2 + 32*f - 160. Calculate i(26).
-4
Let k(r) = -11*r**2 - 635*r + 148. Give k(-58).
-26
Let j(u) = -3*u**3 + 43*u**2 - 11*u - 86. Calculate j(14).
-44
Let o(y) = y**2 - 26*y - 528. Calculate o(36).
-168
Let i(l) = -1025*l + 81998. What is i(80)?
-2
Let k(j) = 100*j - 10004. Give k(100).
-4
Let j(u) = 24*u - 2194. Calculate j(86).
-130
Let y(p) = p**3 - 3*p**2 + 24*p - 221. What is y(8)?
291
Let g(h) = -13*h**2 + 9. Give g(-2).
-43
Let z(h) = 2088*h - 179567. Give z(86).
1
Let v(s) = -201*s - 1774. Give v(-9).
35
Let b(o) = o**3 + 22*o**2 + 14*o + 733. Give b(-23).
-118
Let l(w) = 47*w + 2166. Determine l(-46).
4
Let g(x) = 14*x - 739. Determine g(53).
3
Let g(m) = -20*m**2 - 113*m + 71. Determine g(-6).
29
Let l(q) = -q**3 + 35*q**2 - 63*q - 141. Determine l(33).
-42
Let q(s) = 60*s - 598. Determine q(10).
2
Let a(v) = -v**2 + 72*v - 577. What is a(9)?
-10
Let z(r) = r**3 + 11*r**2 + 24*r + 45. What is z(-9)?
-9
Let h(b) = 50*b**2 + 33*b - 68. Determine h(2).
198
Let n(x) = -36*x + 1494. Give n(43).
-54
Let h(r) = -137*r - 864. Calculate h(-7).
95
Let x(s) = -37*s + 58. Give x(17).
-571
Let l(v) = v**2 + 28*v + 165. Give l(-24).
69
Let y(j) = 27*j - 178. Determine y(12).
146
Let a(c) = 69*c**2 - 6*c - 7. Determine a(-1).
68
Let a(t) = -2*t**2 + 413*t - 2819. Calculate a(7).
-26
Let b(c) = 8*c**2 + 196*c - 593. Determine b(3).
67
Let n(s) = -221*s - 18574. Determine n(-84).
-10
Let f(o) = -97*o - 968. Give f(-10).
2
Let d(m) = -2*m**2 - 61*m + 294. What is d(-35)?
-21
Let r(q) = -3140*q - 15711. Give r(-5).
-11
Let o(d) = -4*d**2 + 78*d - 93. Determine o(17).
77
Let a(r) = 2*r**3 + 19*r**2 + 29*r - 19. Determine a(-7).
23
Let d(t) = -295*t + 3. Determine d(0).
3
Let f(v) = 18*v**2 - 3585*v + 611. Give f(199).
14
Let p(n) = -n**3 - 16*n**2 - 8*n - 26. Give p(-13).
-429
Let s(q) = -277*q + 13610. Give s(49).
37
Let f(z) = z**2 - 39*z + 244. Calculate f(7).
20
Let p(i) = 3*i**2 + 301*i - 184. Calculate p(-101).
18
Let r(w) = -2*w**2 + 210*w + 2559. Give r(116).
7
Let g(r) = -2*r**2 + 204*r - 2304. What is g(13)?
10
Let y(s) = 2*s**3 - 61*s**2 - 134*s - 1032. Determine y(33).
-9
Let o(j) = 9326*j + 55962. What is o(-6)?
6
Let m(f) = -588*f + 3566. What is m(6)?
38
Let t(o) = o**3 + 25*o**2 + 158*o - 36. Calculate t(-14).
-92
Let b(s) = -3*s**2 + 11*s + 188. Give b(11).
-54
Let g(m) = -m**3 - 27*m**2 + 175*m + 527. Give g(-32).
47
Let i(v) = 7038*v + 126668. Determine i(-18).
-16
Let s(k) = k**2 + 14*k - 3. What is s(-10)?
-43
Let x(m) = 5497*m + 11031. What is x(-2)?
37
Let w(j) = -2*j**2 - 175*j - 167. Determine w(-1).
6
Let d(q) = q**3 - 53*q**2 - 171*q + 220. Calculate d(56).
52
Let k(h) = 27*h**2 - 55*h + 313. Calculate k(6).
955
Let o(t) = -14*t + 885. Determine o(65).
-25
Let r(l) = l**2 + 200*l - 1709. Calculate r(8).
-45
Let t(b) = 391*b**2 - 7429*b + 9. What is t(19)?
9
Let o(c) = -c**3 - 7*c**2 + 21*c + 4. Calculate o(-10).
94
Let c(y) = -47*y + 1144. What is c(18)?
298
Let v(u) = -u**3 - 5*u**2 + 25*u - 29. Give v(-9).
70
Let j(l) = l + 50. What is j(9)?
59
Let b(z) = z**3 - 124*z**2 + 17*z - 2027. What is b(124)?
81
Let g(q) = 723*q - 5686. Determine g(8).
98
Let g(l) = l**3 + 52*l**2 + 159*l + 600. What is g(-49)?
12
Let r(y) = 3*y**2 - 137*y + 1234. Give r(13).
-40
Let p(f) = -14*f - 359. Determine p(-28).
33
Let k(d) = d**3 + 37*d**2 + 244*d + 68. What is k(-8)?
-28
Let o(i) = 2*i**3 + 17*i**2 - 120*i - 25. Calculate o(-13).
14
Let k(q) = q**2 - 126*q + 3887. What is k(58)?
-57
Let k(l) = 7*l**2 + 684*l - 2314. Calculate k(-101).
9
Let n(t) = -3*t**2 - 220*t - 3502. Give n(-51).
-85
Let i(n) = 2*n**3 - 39*n**2 + 138*n - 17. Give i(5).
-52
Let o(d) = -d**2 - 54*d - 722. Calculate o(-25).
3
Let u(z) = z**2 - 19*z + 66. Determine u(17).
32
Let g(u) = -u**2 + 98*u + 1962. Calculate g(-17).
7
Let j(r) = 47*r - 348. Give j(8).
28
Let l(i) = 121*i - 11968. Give l(99).
11
Let p(d) = -d**3 - 3*d**2 + 18*d + 20. Calculate p(-4).
-36
Let a(q) = q**3 - 24*q**2 + 131*q. What is a(8)?
24
Let r(i) = 761*i - 1801. Determine r(3).
482
Let t(u) = 2*u**2 + 39*u - 235. Determine t(5).
10
Let n(s) = -s**2 - 8*s + 2. What is n(-7)?
9
Let i(r) = -r**3 - 28*r**2 + 437*r + 295. Calculate i(-39).
-17
Let w(a) = -108*a + 7768. Calculate w(72).
-8
Let i(d) = -2*d**2 - 37*d + 5. Determine i(-19).
-14
Let l(a) = -2*a**3 + 2*a**2 + 18*a + 24. What is l(4)?
0
Let i(y) = -y**2 + 69*y + 253. Calculate i(-3).
37
Let x(y) = -y**3 - 31*y**2 - 63*y - 70. Determine x(-29).
75
Let z(t) = -59*t**2 - 174*t + 7. What is z(-2)?
119
Let a(m) = -m**3 + 3*m**2 + 60*m + 139. What is a(10)?
39
Let p(b) = -7*b**2 - 19*b - 8. Determine p(-6).
-146
Let j(w) = -5*w**2 - 82*w + 6. What is j(-16)?
38
Let d(y) = -2*y**3 - 183*y**2 + 90*y - 248. Determine d(-92).
-64
Let i(p) = -10*p - 449. What is i(-46)?
11
Let f(y) = y**3 + 201*y**2 - 20*y - 4016. Give f(-201).
4
Let w(j) = -2*j**3 - 10*j**2 + 9*j - 21. Give w(-6).
-3
Let a(c) = -1045*c - 28224. Determine a(-27).
-9
Let k(w) = 7*w**2 + 43*w - 88. What is k(2)?
26
Let c(a) = a**3 + 9*a**2 - 204*a + 30. What is c(-19)?
296
Let y(t) = t**2 + 306*t - 14605. Give y(42).
11
Let j(c) = c**3 - 33*c**2 + 110*c - 2528. Determine j(32).
-32
Let v(a) = a**2 - 160*a - 657. What is v(-4)?
-1
Let r(i) = 3*i**3 - 209*i**2 + 67*i + 4894. Calculate r(69).
-5
Let x(o) = o**2 - 57*o - 18669. Determine x(168).
-21
Let y(u) = -u**3 + 43*u**2 - 86*u + 173. What is y(41)?
9
Let d(t) = -t**3 + 10*t**2 + 85*t + 30. Give d(-5).
-20
Let x(s) = s - 3. Give x(-11).
-14
Let a(w) = -w**3 - 53*w**2 - 44*w + 464. Give a(-52).
48
Let y(p) = -141*p - 1285. Give y(-9).
-16
Let j(y) = -390*y - 2351. Calculate j(-6).
-11
Let z(q) = -q**3 - 3*q**2 + 60*q - 23. Give z(-9).
-77
Let t(f) = -f**3 - 15*f**2 + 131*f + 2014. Calculate t(-14).
-16
Let a(w) = -549*w - 3303. Calculate a(-6).
-9
Let o(b) = -5*b**2 + 184*b + 188. Determine o(-1).
-1
Let w(k) = 2*k**3 + 33*k**2 + 12*k - 18. Give w(-16).
46
Let k(d) = -3*d**3 + 391*d**2 - 520*d + 528. Determine k(129).
12
Let u(z) = -259*z + 593. What is u(1)?
334
Let o(c) = c**3 + 6*c**2 + 41*c + 582. Calculate o(-8).
126
Let f(q) = -3*q**2 + 26*q - 75. What is f(5)?
-20
Let p(f) = 61*f + 1770. Determine p(-32).
-182
Let u(o) = 23*o**2 - 9*o + 37. Calculate u(3).
217
Let j(g) = g**3 + 17*g**2 + 56*g - 108. What is j(-7)?
-10
Let o(d) = 4*d**3 + 12*d**2 - 165*d - 506. Give o(-3).
-11
Let x(f) = -20324*f - 386151. Give x(-19).
5
Let t(h) = h**3 + 5*h**2 - 114*h - 450. Give t(-4).
22
Let f(u) = -3*u**2 - 28*u - 6. Give f(-8).
26
Let x(i) = 46*i + 100. Determine x(-4).
-84
Let n(t) = 3*t**2 + 182*t + 905. Give n(-50).
-695
Let f(g) = 4*g - 213. Give f(-11).
-257
Let f(o) = 3*o**2 - 3*o + 27. Give f(-6).
153
Let z(v) = -106*v - 527. Determine z(-5).
3
Let z(p) = -6*p**2 + 12*p + 14. Determine z(7).
-196
Let t(z) = -2*z**3 - z**2 - 282*z - 46. What is t(0)?
-46
Let h(x) = -182*x + 143. Calculate h(2).
-221
Let m(i) = 26*i**2 - 557*i + 224. Determine m(21).
-7
Let z(o) = 